 prime factors of x.
2, 5
List the prime factors of (-6)/(-15) + 108/5.
2, 11
List the prime factors of 2/6*-3 - -20.
19
Let s(t) be the second derivative of t**5/20 - t**3/6 + 17*t**2 - t. Let o be s(0). Suppose -4*z + o + 10 = 0. List the prime factors of z.
11
Let u = 5 + -4. What are the prime factors of ((-27)/u)/((-12)/8)?
2, 3
Let y = 95 + -66. List the prime factors of y.
29
Let y(u) = u - 1. Let s be 1/1 + (-1 - 0). Suppose -2*k + h - 2 + 8 = s, -5 = 3*k - 5*h. List the prime factors of y(k).
2
Let l be 0/(-4 + (3 - 1)). Suppose -4*a + l*a = 0. Suppose a = 4*i - 27 - 1. What are the prime factors of i?
7
What are the prime factors of 2611/49 + 1*6/(-21)?
53
Let v(m) = -m**3 + 5*m**2 + m - 6. Let w be v(5). Let y = w - -15. Suppose -5*z + y + 1 = 0. What are the prime factors of z?
3
Let t = 0 + 25. What are the prime factors of t?
5
Let t(y) = 11*y**2 + y + 1. What are the prime factors of t(3)?
103
Suppose 4*s = -s - 5*z + 40, 0 = -s - 5*z + 24. Suppose s*j - l = 28, j - 5*j = -4*l - 16. What are the prime factors of j?
2
Suppose 0*d + 4*d + 20 = 0, -5*q - 5*d = 15. Suppose q*c - 37 = c. List the prime factors of c.
37
Suppose 0*q + o = q - 9, -q = -2*o - 10. List the prime factors of q.
2
Let c be (3 + -4)/(2/18). Let g = c - -39. List the prime factors of g.
2, 3, 5
Suppose 8*t - 17 = 39. Suppose r = 2*r - 13. Suppose 0 = -y + t + r. What are the prime factors of y?
2, 5
What are the prime factors of (-150)/9*1*-3 + 2?
2, 13
Let o(r) = r**3 - 4*r**2 + 5*r + 9. What are the prime factors of o(5)?
59
Let r be (-20)/(-15)*3/(-2). List the prime factors of 10 - (-2)/(r/2).
2
Let m = 2 + 0. Suppose -m*k + 17 = -11. List the prime factors of k.
2, 7
Let c(x) be the second derivative of x**5/20 + 11*x**4/12 + x**3/2 - 13*x**2/2 + 3*x. Let r be c(-11). What are the prime factors of 1/(-2) - r/4?
11
Suppose -4*y = -149 + 21. What are the prime factors of ((-40)/y)/(2/(-8))?
5
Let p = 2 + 0. Suppose g - 3*h = -0*g - 13, 10 = p*h. Suppose 4*c + 30 = g*a, 0 = 5*a + 4*c - 26 - 63. What are the prime factors of a?
17
Suppose -84 = 3*s - 7*s. List the prime factors of ((-28)/s)/(1/(-18)).
2, 3
Let h(a) = -4*a + 4. What are the prime factors of h(-6)?
2, 7
Let n = -164 + 387. List the prime factors of n.
223
Suppose 104 = 3*n + 2*h - 3*h, -4 = -4*h. What are the prime factors of n?
5, 7
Let n(r) = 146*r**3 + 3*r**2 - r - 1. What are the prime factors of n(1)?
3, 7
Suppose 0 = t - 42 + 15. List the prime factors of t.
3
Suppose 5*y - 16 = -i, 3*y - 20 = 5*i - 3*i. Let r(j) = -2*j + 5. Let f be r(y). List the prime factors of (-2)/f - 12/(-9).
2
Let x = 2 - 20. What are the prime factors of 12*2/(x/(-3))?
2
Let i(v) = -8*v + 2. What are the prime factors of i(-1)?
2, 5
Let r(l) = 3*l**2 + 5*l. Let d be ((-12)/(-10))/((-6)/20). Let t be r(d). Suppose g + 3*g - t = 0. What are the prime factors of g?
7
Let m = 56 + -45. List the prime factors of m.
11
Suppose 0 = -2*x - 4*x + 1506. What are the prime factors of x?
251
Let f be 4/8*2*25. Suppose 0 = -4*c + 7 + f. List the prime factors of c.
2
Suppose -1 = -4*k + 7. Suppose 5*p - l - 83 = l, 36 = k*p + 2*l. What are the prime factors of p?
17
Let y(i) = i - 3. Let r be y(7). Suppose 0 = -t - r*t. Suppose t*f + 5*m + 18 = f, m - 12 = -5*f. What are the prime factors of f?
3
Let p be 4/3*(-6)/(-2). Let r(k) = k - 3. Let z be r(p). Suppose 19 = 2*x - z. What are the prime factors of x?
2, 5
Let k be ((-3)/3)/(1/(-2)). Let g = 40 - 11. Suppose -g = -3*b - 2*o, 0*o - 21 = -k*b - 3*o. List the prime factors of b.
3
Let b(m) = m**3 - 2*m**2. What are the prime factors of b(5)?
3, 5
Suppose 0 = 3*r - 5*d - 105, -r + 2*d = -2*d - 42. What are the prime factors of r?
2, 3, 5
Suppose -4*q = -2*u + u - 17, 4*u + 3*q = -11. Let c(r) = -r**2 - 6*r - 1. What are the prime factors of c(u)?
2
Let l = 6 + -4. Suppose -f + l - 15 = -r, r + 5 = 0. List the prime factors of (-1)/(39/f - -2).
2, 3
Let n(s) be the second derivative of s**5/20 - 11*s**4/12 + 5*s**3/3 + 4*s**2 + s. What are the prime factors of n(10)?
2
Let i = 58 + -14. List the prime factors of i.
2, 11
Let g(r) = r**2 - 4*r - 4. Let j be g(4). What are the prime factors of ((-888)/36)/(j/6)?
37
Suppose -2*i - 3*i = -20. Suppose -3*v = i*d - 17, -5*d + 4*v - 1 = 1. Suppose 0 = d*r - 2, -5*z + 11 + 13 = 4*r. What are the prime factors of z?
2
Let p be (-36)/(-6*3/48). Suppose -5*a + a + p = 0. Suppose a = 3*b - 4*d, -b + 3 = -0*b - 3*d. What are the prime factors of b?
2, 3
Let l(r) = 2*r - 10. Let z(v) = v - 9. Let q(d) = -2*l(d) + 3*z(d). Let u be q(-3). Let p(n) = n**3 + 5*n**2 + 4*n + 5. List the prime factors of p(u).
5
Let o = 4 - 1. Let v(i) = 2*i**2 + 5*i + 7. Let z be v(-6). Suppose 0 = -o*c - 10 + z. What are the prime factors of c?
13
List the prime factors of ((-143)/3)/(((-2)/6)/1).
11, 13
Suppose w + 175 = -4*r, 0 = 5*r - 3*r - 2*w + 90. Let j = r + 63. What are the prime factors of j?
19
Suppose 17 = -2*v + 1. Let n(d) = d**3 + 2*d**2 - 4*d + 1. Let t be n(-4). Let x = v - t. What are the prime factors of x?
7
Let r(p) = -p**2 - 22*p - 8. What are the prime factors of r(-19)?
7
Let y(w) = -w**3 - 12*w**2 - 13*w - 12. Suppose 3*m = -v - 23, -31 = -3*v + 4*v + 5*m. What are the prime factors of y(v)?
2, 5
Let i(k) = k**2 + 5*k - 1. What are the prime factors of i(-8)?
23
Let q(n) = n**3 + 5*n**2 - 2*n - 7. Let f be q(-5). Let v = -3 + f. Suppose v = -2*i - 0*i + 14. What are the prime factors of i?
7
Let p = 58 + 13. What are the prime factors of p?
71
Suppose -f = -3 - 1, 5*u - 2*f = 272. List the prime factors of u.
2, 7
Let k = 8 - -26. Let n = -22 + k. What are the prime factors of n?
2, 3
Let g(j) = -3*j + 6. Let k be g(4). Let b be (-34)/k + (-1)/(-3). Suppose 2*n = -4*h - b, 4*n = -h + 9 + 7. What are the prime factors of n?
5
Let y = -3 - -4. Let o = -18 - -19. List the prime factors of (7*(y + o))/2.
7
Let b = -9 + 15. Suppose -b = 2*h - 24. What are the prime factors of h?
3
Let t(a) = 3*a**2 + 2*a + 4. What are the prime factors of t(-4)?
2, 11
Let v(s) = 16*s - 15. Let j(z) = 3*z - 3. Let y(l) = 11*j(l) - 2*v(l). Let t be y(3). Suppose -x + 2*x - 4 = t. What are the prime factors of x?
2
Let v(l) = -48 - 3*l + 52 + 2*l. Let o(r) = 2*r + 5. Let u be o(-5). What are the prime factors of v(u)?
3
Suppose -2*a = 2*m - 84, -3*m = -2*a - 5 - 106. Let c = 56 - m. What are the prime factors of c?
17
Let a be ((-2)/(-3))/(6/(-9)). Let b = 5 + a. What are the prime factors of b?
2
Suppose 0 = -t - 0*t + 24. List the prime factors of t.
2, 3
Let s(l) = 2*l**2 - 5*l + 2. Let f be s(3). Suppose -f*i + 86 + 14 = 0. List the prime factors of i.
2, 5
Suppose -i = -6*i + 40. Suppose -3*q + i*q + k = 175, -35 = -q + 3*k. What are the prime factors of q?
5, 7
Let b be (-9)/(-3)*6/9. List the prime factors of ((-20)/25)/(b/(-20)).
2
List the prime factors of (10 - 3) + -4 - -34.
37
Suppose -4*k + 38 - 9 = 3*u, 0 = -2*u - 2. Let r = k + -4. What are the prime factors of r?
2
Let r(b) = -2*b + 2. Let j be r(-6). Let d = j - 11. What are the prime factors of d?
3
Let x(s) = 80*s**2 - 3*s - 1. What are the prime factors of x(-1)?
2, 41
Let l = -1 - -7. What are the prime factors of (-3)/(l/(-16)) + -2?
2, 3
Suppose -3*z + 38 = -3*n + 7*n, -31 = -2*z + 3*n. List the prime factors of z.
2, 7
Suppose 0 = -12*d + 3*d + 2403. List the prime factors of d.
3, 89
What are the prime factors of 2597/21 + (-2)/3?
3, 41
Let w be 12*((-66)/(-8))/3. Let s = -2 + 2. Suppose -2*x + 5*x - w = s. What are the prime factors of x?
11
Let j = 31 - 12. What are the prime factors of j?
19
Suppose -5*x - 165 - 125 = 5*o, 0 = -4*o + 5*x - 187. Let n = o + 102. What are the prime factors of n?
7
Suppose -4*j = 5*q - 115, 5*j - 3*q - 119 = -q. What are the prime factors of j?
5
Let r be (165/(-9))/((-2)/6). Suppose 9*l - 4*l = r. List the prime factors of l.
11
What are the prime factors of -1*6/9 - 191/(-3)?
3, 7
Let l(j) = j**3 - 4*j**2 + 4*j. Let v = 10 + -7. Let t be l(v). Suppose 15 = t*d - 6. What are the prime factors of d?
7
Suppose 47 = -2*g + 3*f, 4*g + 2*f + 74 = 4*f. Suppose 0*a = 4*r - a - 108, 4*r + a - 108 = 0. What are the prime factors of 6/r + g/(-9)?
2
Let m(h) = 4*h**2 + 11*h - 8. What are the prime factors of m(4)?
2, 5
Let f = 1 + 1. Suppose 5*w = f + 43. Lis